. List the prime factors of f(w).
2
Suppose 0 = -4*t + 49 + 11. What are the prime factors of t?
3, 5
Let j(u) = u**3 + 7*u**2 - 9*u - 11. Let f be j(-8). Let s(q) = -4*q - 5. What are the prime factors of s(f)?
7
Suppose -4*f + 199 + 253 = 0. What are the prime factors of f?
113
Let i be ((-1)/(-2))/(2/20). Suppose -i*p - x + 20 = 0, 8 = -p + 2*p + x. List the prime factors of p.
3
Suppose 265 = a + 5*d, -4*a = 2*d - 1245 + 149. What are the prime factors of a?
5, 11
Let d(n) = n**2 - 2*n - 11. List the prime factors of d(-7).
2, 13
Suppose -2*f + 5*f = 0. List the prime factors of 7 - (-6)/(-3 - f).
5
Suppose 3*o = n + 1014, -2*o + n - 6*n = -693. List the prime factors of o.
3, 113
Suppose 9*o - 3367 = -4*o. What are the prime factors of o?
7, 37
Let r(c) = -c + 36. Let j be r(0). List the prime factors of ((-6)/(-8))/(3/j).
3
Let h be (0 + 4)*9/4. Let y be (-2)/(-3*2)*h. Let n(z) = -z**2 + 5*z. List the prime factors of n(y).
2, 3
Let n = -2 + 4. Let s be 17/(3/(n + -5)). Let o = s - -27. What are the prime factors of o?
2, 5
Let t = -9 + 34. What are the prime factors of t?
5
Let h(p) = -p**3 - 6*p**2 - 7*p - 3. Let w be h(-5). Suppose 2*z - 10 = 2*x, -3*x - w = -1. Suppose -z*j = -0*j - 36. List the prime factors of j.
2, 3
Let w(a) = a**2 + 5*a - 3. Let f be w(-5). Let d(t) = t**2 + 2. List the prime factors of d(f).
11
Suppose 27 = 4*c - 3*i, c - i = -4*i - 12. Let p be 1*(0 + 6/c). Suppose 4*d - 14 = -w, -3*w + 3*d + 16 = p*d. List the prime factors of w.
2, 3
Suppose c - 1 = 4. Suppose 0 = -c*j + 2*j - 4*a - 38, -9 = -j + 3*a. List the prime factors of 63/(-6)*4/j.
7
Let c(o) = 6*o + 5. Let j(x) = 7*x + 4. Let k(u) = 6*c(u) - 5*j(u). Let t = 15 - 8. List the prime factors of k(t).
17
Let o = 10 - 7. Suppose -80 = -5*v - 4*l, o*v + 4*l - 51 = l. List the prime factors of v.
2, 3
Let c(g) be the first derivative of g**3/3 - 3*g**2/2 - 8*g + 2. What are the prime factors of c(7)?
2, 5
List the prime factors of ((-20)/6)/(2/(-24)).
2, 5
Let c(s) = -92*s**3 + 2*s**2 - 1. Let h be c(1). Let i = h + 153. List the prime factors of i.
2, 31
Let c(q) = 13*q - 5. Let k(m) = 7*m - 3. Let s(l) = 6*c(l) - 11*k(l). Let i be s(-5). What are the prime factors of (-6)/(-5)*(-5)/i?
3
List the prime factors of ((10/15)/(-1))/(2/(-45)).
3, 5
Let g(k) = -k**3 + 6*k**2 + 17*k - 7. Let x(h) = -2*h**3 + 12*h**2 + 34*h - 15. Let a(s) = 5*g(s) - 2*x(s). List the prime factors of a(8).
3
Suppose -4*c - 85 = -341. Suppose 3*h - 2 = c. What are the prime factors of h?
2, 11
Suppose 0 = y + 4 - 6. Suppose -l + 8 = 4*x, -y*l + 4*x - 14 = -6. Suppose 8 = -l*f + 4*f. What are the prime factors of f?
2
Suppose 2*x - 137 = -11. What are the prime factors of x?
3, 7
Let m(p) = p**2 + p + 83. List the prime factors of m(-19).
5, 17
Let j = 23 + -14. What are the prime factors of (j/(-27))/(1/(-51))?
17
Suppose -5*i = -3*i + 5*s - 214, 0 = -s - 2. List the prime factors of i.
2, 7
Let v(f) = -f**3 - 23*f**2 + 51*f + 56. List the prime factors of v(-25).
31
Let l(u) be the third derivative of -u**4/4 - u**3/3 + 2*u**2. Let p be l(-7). Suppose 5*k = -c + p, 3*k + 5*c - 39 = k. What are the prime factors of k?
7
Let z(n) = n**3 - n**2 + n + 11. Let r(h) = -h - 7. Let k be r(-7). Let s be z(k). Suppose s*o - 6*o = 15. What are the prime factors of o?
3
Let g(s) = -2*s. Let p be g(-2). Suppose 8 = p*c + 4*i, -1 = -i - 3. What are the prime factors of c?
2
List the prime factors of (3 + 0)*(-4)/(-14)*140.
2, 3, 5
Suppose 33*p = 31*p + 24. Let a = p + 16. List the prime factors of a.
2, 7
Let i = 13 - 38. What are the prime factors of (-3)/(i/(-14) + -2)?
2, 7
List the prime factors of -42*(-4)/(-24)*-3.
3, 7
Let t be (-3 + 0)/((-6)/20). Suppose b = 4, 3*b - 2*b - t = -3*l. Suppose -4*j + 53 = 5*k, -j + k = l*k - 14. What are the prime factors of j?
17
Suppose 4*o + 5*l = 93, -l + 7 = o - 3*l. What are the prime factors of o?
17
Let y(x) = 3*x + 6. Suppose 5 = i - 0*i. Let l be y(i). Suppose 0 = -4*d - 1 + l. List the prime factors of d.
5
Suppose 4*c - 87 = -4*z + 13, -65 = -4*z + 3*c. Suppose q - 1 = -g + 3*g, 5*g = z. What are the prime factors of q?
3
Suppose 0 = -3*o - 3*w + 471, -2*o - 3*w + 274 = -41. List the prime factors of o.
2, 3, 13
Suppose -21 = -3*n + 2*b - b, n = 4*b - 4. What are the prime factors of n?
2
Suppose -g = 5 - 14. Suppose 0*a = a - g. List the prime factors of a.
3
Let y be 2*(2 - 0)*1. What are the prime factors of (y/(-6))/((-2)/6)?
2
Suppose -48 = -5*l + 397. What are the prime factors of l?
89
Let z = 28 - 19. Let q(c) = -c**3 + 9*c**2 + c. List the prime factors of q(z).
3
Let j = -7 + 11. Suppose 4*c - j*v - 18 = 6, -7 = -2*c - 3*v. What are the prime factors of c?
5
Let k = -1 + 11. Suppose 3*v + k*l - 43 = 5*l, -3*l = -5*v + 15. List the prime factors of v.
2, 3
Let u(j) be the third derivative of j**5/60 + j**4/24 + 11*j**3/3 - 3*j**2. List the prime factors of u(0).
2, 11
Let s be (1 + 1)*(-58)/4. Let q = s + 57. What are the prime factors of q?
2, 7
Let p(m) = 16*m - 2. Let c = 0 - -3. Let q be p(c). Suppose 6 = -4*h + q. What are the prime factors of h?
2, 5
Let j(s) = -s**3 - 11*s**2 + 12. What are the prime factors of j(-11)?
2, 3
Suppose -4*k + 117 = 3*w, -5*k - 93 = -3*w - k. Suppose -j - 4*j = -w. List the prime factors of j.
7
Let l(p) = 3*p**3 - 7*p**2 + 5*p. Suppose 0 = -c - y + 3, 0 = y - 0 + 2. Let t be l(c). What are the prime factors of 2/7 + t/21?
11
Suppose k + 5*b + 16 = 0, -4*b + 2*b = 2*k + 16. Let w = -4 - k. Suppose -4*y - 30 = -w*z, y = -3*y - 16. List the prime factors of z.
7
Let a = 110 + 43. What are the prime factors of a?
3, 17
Let k be 3 + 1/2*-2. Suppose -k*o = -o - 2. Suppose -w - o = -2*w. List the prime factors of w.
2
Let u = -5 + 8. Suppose -u*i + 24 = -0*q - 3*q, q + 17 = 4*i. Suppose -k - 1 = -2*m + 3, -i*k = -3*m. List the prime factors of m.
2
Let g(h) = -5*h**3 + h**2 + h - 2. What are the prime factors of g(-2)?
2, 5
Let j = -32 - -5. What are the prime factors of j/(3/12*-6)?
2, 3
Suppose 2*w = i - 52, -4*w - 8 = -0. Suppose -6 - 10 = -j - n, -3*j + 5*n = -i. List the prime factors of j.
2
Suppose 6*j - 2*j = 8. Suppose -16 = -t + j. List the prime factors of t.
2, 3
Suppose 3*j + 5*b - 113 = 0, 2*j - 3*b - 50 = -0*b. Suppose 6*k + j = 7*k. List the prime factors of k.
31
Suppose 2*h + 5*k - 161 = 97, 2*h - 258 = 3*k. What are the prime factors of h?
3, 43
List the prime factors of (4 + 0/(-1))*30.
2, 3, 5
Suppose -2*z - 12 = -4. List the prime factors of 2 + z + 7 - 2.
3
Suppose 3*w + 4*o = 7*w + 32, 0 = 2*o. What are the prime factors of (-2)/4 + (-100)/w?
2, 3
Let u(b) = b**2 - 14*b + 7. Suppose 3*c - 22 = 4*d, 0*c + 3*d - 9 = -2*c. Let o be u(c). Let t = -26 - o. What are the prime factors of t?
3, 5
Let n(z) = -z**3 + 4*z**2 + z + 3. Let r be n(3). Let d = r + -10. Suppose 2*b - 3*m - 2*m = -10, d*b + m - 29 = 0. List the prime factors of b.
5
Suppose -y + 5*n = 3*n - 10, 5*n + 12 = -4*y. Let m be -1*(-2 - -1)*1. What are the prime factors of -7*m/y*-2?
7
Let g(r) be the third derivative of 0 + r**2 + 0*r + 3/2*r**3 - 1/120*r**6 + 1/24*r**4 - 7/60*r**5. List the prime factors of g(-7).
2
Suppose 3*r - t - 6 = -0*t, 2*r - t - 4 = 0. Suppose 0 = r*a + 4*p - 46, 0 = 3*a - 4*p - 2 - 27. What are the prime factors of a?
3, 5
Let c(o) = -23*o - 79. List the prime factors of c(-15).
2, 7, 19
Let w = 30 + 44. What are the prime factors of w?
2, 37
Suppose -5*z - l = -2*z - 16, -2*z + 5*l = -39. List the prime factors of z.
7
Let w = 1 + 3. Suppose -b + 1 = -4*o, 0*o - w = 4*o. Let l(i) = i**2 + 4. What are the prime factors of l(b)?
13
Suppose n = 3*n + 2. Let q(h) = -4*h**2 + 4*h - 1. Let w(k) = -k. Let l(p) = -q(p) - 4*w(p). What are the prime factors of l(n)?
5
Let i = -2 + 4. List the prime factors of ((-5)/(-2))/(i/8).
2, 5
Suppose 5*r = 3*r + 88. Let i = r + -28. List the prime factors of i.
2
Let f = -402 + 611. Suppose -79 + f = 5*v. List the prime factors of v.
2, 13
Let j = -39 + 104. List the prime factors of j.
5, 13
Let r be (-2)/(1/(-1)) - 1. Suppose -y - r + 9 = -5*l, 0 = -l + y. List the prime factors of 8 + (l*2)/(-2).
2, 5
Let r(f) = -4 + 16*f + 17*f - 28*f. Let b = -6 - -9. List the prime factors of r(b).
11
Let p be (-1)/(0 - -1) - 4. Let m(u) be the first derivative of -u**2 -